{"id":1459,"date":"2014-02-12T19:17:13","date_gmt":"2014-02-12T18:17:13","guid":{"rendered":"http:\/\/www.fertilizantesyabonos.com\/francais\/?page_id=1459"},"modified":"2022-01-20T17:41:41","modified_gmt":"2022-01-20T16:41:41","slug":"mentions-legales","status":"publish","type":"page","link":"https:\/\/www.fertilizantesyabonos.com\/francais\/mentions-legales\/","title":{"rendered":"Mentions l\u00e9gales"},"content":{"rendered":"<p>Conform\u00e9ment aux dispositions de la Loi 34\/2002 du 11 Juillet, pour les services de la Soci\u00e9t\u00e9 de l\u2019Information et du Commerce \u00c9lectronique, il est pr\u00e9cis\u00e9 aux utilisateurs de ce site (le site) l\u2019information suivante:<\/p>\n<h3>Propri\u00e9taire:<\/h3>\n<p><strong>JILOCA INDUSTRIAL, S.A. (JISA)<\/strong><br \/>\n<em><strong>Si\u00e8ge Social:<\/strong><\/em><br \/>\nAntigua Azucarera s\/n &#8211; 44360 Santa Eulalia del Campo (Espagne)<br \/>\nCIF.: A-44031524<br \/>\nTf.: +34978860011<br \/>\nEmail: fabrica@jisa.es<\/p>\n<p><em><strong>Bureau Commercial:<\/strong><\/em><br \/>\nProfesor Beltr\u00e1n Baguena, \u2013 105 A &#8211; 46009 Valencia (Espagne)<br \/>\nTf. : +34963517901<br \/>\nEmail : jisa@jisa.es<\/p>\n<p>\u00bb Inscrite au Registre du Commerce de Teruel, Page 1310.<br \/>\n\u00bb Le site a \u00e9t\u00e9 cr\u00e9\u00e9 \u00e0 caract\u00e8re INFORMATIF, d\u2019USAGE PERSONNEL et GRATUIT par JISA.<\/p>\n<p>JISA est propri\u00e9taire des droits de propri\u00e9t\u00e9 intellectuelle et d\u00e9tient les droits d\u2019usage sur tous les \u00e9l\u00e9ments accessibles sur le site, notamment les textes, images, graphismes, logo, ic\u00f4nes et codes de langages HTML, JAVA, JAVA Script, FLASH entre autres.<\/p>\n<p>Les droits d\u2019exploitation de la propri\u00e9t\u00e9 intellectuelle du site correspondent exclusivement \u00e0 JISA, concr\u00e8tement les droits de reproduction, distribution, communication publique et transformation.<\/p>\n<p>JISA se r\u00e9serve le droit, \u00e0 tout moment et sans pr\u00e9avis, de modifier et d\u2019actualiser l\u2019information contenue dans le site ou la configuration et pr\u00e9sentation de celui-ci.<\/p>\n<h3>CONDITION D\u2019UTILISATION DU SITE<\/h3>\n<p>Les pr\u00e9sentes conditions l\u00e9gales r\u00e9gissent l\u2019usage de ce site mis \u00e0 disposition des utilisateurs de mani\u00e8re gratuite par JISA.<\/p>\n<p>L\u2019utilisateur s\u2019engage \u00e0 utiliser le site, les services et ses contenus de mani\u00e8re diligente, correcte et licite, en particulier, il devra s\u2019abstenir de:<br \/>\n\u00bb Supprimer, \u00e9luder ou manipuler le \u00ab copyright \u00bb et autres donn\u00e9es d\u2019identification des droits des titulaires incorpor\u00e9s aux contenus, ainsi que les dispositifs techniques de protection, ou quelconque m\u00e9canisme d\u2019information.<br \/>\n\u00bb Introduire des logiciels, virus, macros o quelconque autre dispositif ou s\u00e9quence de caract\u00e8res qui causent ou puissent causer une alt\u00e9ration du site ou des syst\u00e8mes informatiques que le supporte.<br \/>\n\u00bb Employer ou installer des logiciels ou dispositifs capables d\u2019invalider les contr\u00f4les ou mots de passe de s\u00e9curit\u00e9, d\u00e9finis para JISA. Il est \u00e9galement interdit de d\u00e9chiffrer les codes, syst\u00e8mes ou algorithme de cryptage ou quelconque autre \u00e9l\u00e9ment de s\u00e9curit\u00e9 du site ou des utilisateurs.<br \/>\n\u00bb R\u00e9aliser des copies o versions du site ou de son code source, sans l\u2019autorisation pr\u00e9alable, expresse et \u00e9crite de JISA.<br \/>\n\u00bb R\u00e9aliser toute autre action contraire \u00e0 la loi et \u00e0 la bonne foi.<\/p>\n<h3>LIMITATIONS DE RESPONSABILIT\u00c9<\/h3>\n<p>JISA ne pourra \u00eatre tenue responsable des dommages directs ou indirects caus\u00e9s au mat\u00e9riel de l\u2019utilisateur par virus, indisponibilit\u00e9 ou tout autre comportement anormal du site.<\/p>\n<p>JISA a adopt\u00e9 toutes les mesures de s\u00e9curit\u00e9 n\u00e9cessaires afin de garantir le correct fonctionnement du site et \u00e9viter quelconque dommage \u00e0 l\u2019utilisateur.<\/p>\n<h3>LIENS<\/h3>\n<p>L\u2019objectif del liens qui apparaissent sur ce site est exclusivement informatif, et ne suppose en aucun cas, une suggestion ou invitation \u00e0 les visiter. JISA ne sera, en aucun cas, responsable du r\u00e9sultat qui puisse ou veuille obtenir l\u2019utilisateur des sites auxquels il acc\u00e8de \u00e0 travers ces liens.<\/p>\n<p>JISA d\u00e9cline toute responsabilit\u00e9 pour les services et\/ou information qui figurent dans les sites reli\u00e9s.<\/p>\n<p>JISA ne contr\u00f4le ni exerce aucune supervision sur les sites reli\u00e9s. Les utilisateurs qui les utilisent devront consulter les conditions l\u00e9gales des sites ainsi visit\u00e9s.<\/p>\n<h3>PROPRI\u00c9T\u00c9 INTELLECTUELLE<\/h3>\n<p>Les textes, images, logos, signes distinctifs, sons, animations, vid\u00e9os, code source et tout autre contenu inclus dans ce site son propri\u00e9t\u00e9 de JISA, ou dispose d\u2019autorisation pour son utilisation et\/ou exploitation.<\/p>\n<p>Les utilisateurs qui acc\u00e8dent au site sont autoris\u00e9s \u00e0 voir toute l\u2019information ainsi qu\u2019a r\u00e9aliser des \u00ab download \u00bb et r\u00e9aliser de reproductions priv\u00e9es de la m\u00eame sur ses propres syst\u00e8mes informatiques, \u00e0 condition que les \u00e9l\u00e9ments reproduits soient pour un usage personnel de l\u2019utilisateur et ne soient pas c\u00e9d\u00e9s ou transmis \u00e0 des tiers ou s\u2019installent sur quelconque serveur connect\u00e9 direct ou indirectement a Internet ou \u00e0 un r\u00e9seau local, permettant l\u2019acc\u00e8s \u00e0 l\u2019information propri\u00e9t\u00e9 de JISA \u00e0 des tiers,  par diff\u00e9rents moyens autres que le propre site.<\/p>\n<p>Toute distribution, modification, cession, ou communication publique de l\u2019information (textes ou images) de tout ou partie des \u00e9l\u00e9ments du site, inclus son envoi par courrier \u00e9lectronique ou sa distribution, quelque soit le moyen ou le proc\u00e9d\u00e9 est interdite.<\/p>\n<p>Tout manquement aux interdictions et limitations \u00e9nonc\u00e9es dans le paragraphe ant\u00e9rieur, sera consid\u00e9r\u00e9 comme constitutif d\u2019une infraction des droits de propri\u00e9t\u00e9 intellectuelle de JISA, et entrainera les responsabilit\u00e9s l\u00e9galement \u00e9tablies, et pourrons faire objet d\u2019actions administratives, civiles ou p\u00e9nales.<\/p>\n<p>L\u2019utilisateur sera responsable de l\u2019acc\u00e8s au site et de l\u2019emploi de son contenu. JISA ne sera en aucun cas responsable des cons\u00e9quences et dommages d\u00e9riv\u00e9s de tel acc\u00e8s ou emploi de l\u2019information.<\/p>\n<h3>LEGISLATION ET JURIDICTION<\/h3>\n<p>Tout litige en relation avec l\u2019utilisation du site sont soumis au droit espagnol.<\/p>\n<p>Il est fait attribution exclusive de juridiction aux tribunaux comp\u00e9tents de Teruel.<\/p>\n<p><em><strong>Si vous n\u2019\u00eates pas d\u2019accord avec ces conditions l\u00e9gales, vous \u00eates invit\u00e9 \u00e0 abandonner le site.<\/strong><\/em><\/p>\n","protected":false},"excerpt":{"rendered":"<p>Conform\u00e9ment aux dispositions de la Loi 34\/2002 du 11 Juillet, pour les services de la Soci\u00e9t\u00e9 de l\u2019Information et du Commerce \u00c9lectronique, il est pr\u00e9cis\u00e9 aux utilisateurs de ce site (le site) l\u2019information suivante: Propri\u00e9taire: JILOCA INDUSTRIAL, S.A. (JISA) Si\u00e8ge Social: Antigua Azucarera s\/n &#8211; 44360 Santa Eulalia del Campo (Espagne) CIF.: A-44031524 Tf.: +34978860011 [&hellip;]<\/p>\n","protected":false},"author":2,"featured_media":0,"parent":0,"menu_order":0,"comment_status":"open","ping_status":"closed","template":"","meta":{"_et_pb_use_builder":"","_et_pb_old_content":"","_et_gb_content_width":"","footnotes":""},"class_list":["post-1459","page","type-page","status-publish","hentry"],"_links":{"self":[{"href":"https:\/\/www.fertilizantesyabonos.com\/francais\/wp-json\/wp\/v2\/pages\/1459","targetHints":{"allow":["GET"]}}],"collection":[{"href":"https:\/\/www.fertilizantesyabonos.com\/francais\/wp-json\/wp\/v2\/pages"}],"about":[{"href":"https:\/\/www.fertilizantesyabonos.com\/francais\/wp-json\/wp\/v2\/types\/page"}],"author":[{"embeddable":true,"href":"https:\/\/www.fertilizantesyabonos.com\/francais\/wp-json\/wp\/v2\/users\/2"}],"replies":[{"embeddable":true,"href":"https:\/\/www.fertilizantesyabonos.com\/francais\/wp-json\/wp\/v2\/comments?post=1459"}],"version-history":[{"count":1,"href":"https:\/\/www.fertilizantesyabonos.com\/francais\/wp-json\/wp\/v2\/pages\/1459\/revisions"}],"predecessor-version":[{"id":3405,"href":"https:\/\/www.fertilizantesyabonos.com\/francais\/wp-json\/wp\/v2\/pages\/1459\/revisions\/3405"}],"wp:attachment":[{"href":"https:\/\/www.fertilizantesyabonos.com\/francais\/wp-json\/wp\/v2\/media?parent=1459"}],"curies":[{"name":"wp","href":"https:\/\/api.w.org\/{rel}","templated":true}]}}